(y).
0
Suppose 2*s - 6*s + 110 = g, -g = 3*s - 82. Let k(z) = z**3 - 28*z**2 + 3*z - 77. Determine k(s).
7
Suppose 0 = 4*y - 13 - 23. Suppose -y*m + 45 = -45. Let v(g) = -g - 16 + m + 6. Determine v(-3).
3
Let r(i) = 2. Let t(y) = -y - 4. Suppose 853*n = 859*n - 6. Let z(p) = n*r(p) + t(p). Calculate z(5).
-7
Suppose 2*r - 70 = 4*t, 0*r + 4*t - 5 = -r. Let u(w) = w - 15. Determine u(r).
10
Let y(g) = -7*g**3 - g**2 + 2*g - 1. Let m(f) = 56*f**2 + 10*f - 8. Let c be m(1). Suppose -10*k + c = 48. What is y(k)?
-7
Let g(b) = -4*b + 28. Let z(l) = -7*l + 56. Let t(c) = 11*g(c) - 6*z(c). What is t(-6)?
-16
Let z(v) be the third derivative of -v**7/5040 + v**6/180 + 7*v**5/20 - v**2. Let l(p) be the third derivative of z(p). Suppose -4 + 25 = 3*b. Determine l(b).
-3
Let h(v) = 49 + v - 29 - 20. Let z be (2/(-4))/(4/48). What is h(z)?
-6
Let f(h) = -h + 30. Let c(m) = -m**2 + 28*m - 115. Let d be c(5). Determine f(d).
30
Let f(v) be the first derivative of v**4/4 + 10*v**3/3 - 3*v**2/2 - 11*v + 2. Suppose -4*j = 2*d + 46, 3*j - 5 + 44 = -3*d. Calculate f(j).
19
Let a(h) = -4*h**3 - 9*h**2 + 12*h + 11. Let y = -458 - -455. Let f(b) = 7*b**3 + 17*b**2 - 23*b - 21. Let z(t) = y*f(t) - 5*a(t). What is z(-7)?
-6
Let t(r) = r**2 + 11*r - 2. Let g(k) = -k + 1. Suppose -13*j = -5*j - 8. Let d(p) = j*t(p) + 3*g(p). Calculate d(-7).
-6
Let v(o) be the second derivative of o**5/20 - o**4/2 + o**3/2 + 9*o**2/2 + 8*o - 31. Determine v(6).
27
Let t(a) = -33*a**2 + 58*a + 105. Let u(i) = -25*i**2 + 44*i + 78. Let q(b) = -16*t(b) + 21*u(b). What is q(-6)?
90
Let h(o) = -9*o**2 - 4*o - 30. Let a(c) = 11*c**2 + 3*c + 31. Let r(z) = -4*a(z) - 5*h(z). Give r(-4).
10
Let t(s) = 5 + 6 + 119*s - 118*s. What is t(24)?
35
Let y(c) = 0 - 3 + c + 2. Suppose 0 = 4*u + 9*t - 12*t + 15, -5*u - t = 33. Determine y(u).
-7
Let v = -53 + 58. Suppose 1 = m - 2*g, 5*g + 0*g = -v*m + 50. Let s(r) = -8*r + 5*r - 4*r + m + r**2. What is s(5)?
-3
Let n(d) = -17 + 2 + 10 - 5*d + 10 + 10. Give n(7).
-20
Let c(j) = -2*j + 9970*j**3 - 4984*j**3 + 2 - 4989*j**3. What is c(2)?
-26
Let p(w) = 25*w + 179. Let t = -4915 - -4908. Determine p(t).
4
Let q(b) = -4*b**3 + 10*b**2 - 4*b. Let t(s) = 9*s**3 - 21*s**2 + 8*s. Let f(w) = -7*q(w) - 3*t(w). Suppose 3 = n - 3. Determine f(n).
-12
Let s(m) = -5*m**2 - 2*m + 1. Let o(p) = 16*p**2 - 3*p + 7. Let z(r) = -o(r) - 3*s(r). Let i be 1/(-3) - 22/(-3). What is z(i)?
4
Let j(s) be the second derivative of -s**4/12 - 3*s**3/2 - 7*s**2/2 - 1333*s. Let i be 114/(-15) - (-2)/(-5). Calculate j(i).
1
Let b(r) = r**3 - 30*r**2 + 218*r - 94. Let d be b(11). Let g(c) = -c + 18. Determine g(d).
13
Let j(r) be the second derivative of -3*r - 11/3*r**3 + 1 + 1/2*r**2. Calculate j(1).
-21
Let l(p) = -3*p**2 - 155816*p + 155817*p + p**2 + 25 + p**2. Calculate l(0).
25
Let c(r) = -5*r**2 + 8*r + 9. Let n(p) = -p**2 + 2*p + 1. Let v(z) = -c(z) + 6*n(z). Determine v(4).
-3
Suppose 4*g + 26 + 14 = 0. Let b be (g/(-2) - 0) + 0. Let s = b - -2. Let w(u) = u**2 - 8*u + 10. Give w(s).
3
Let r(s) = -67*s - 1504. Let u be r(-23). Let m(w) = w**3 - 35*w**2 - 73*w - 35. What is m(u)?
2
Let v be (-2 + (1 - 2))/(3/4). Let c(g) = -g**3 - 4*g**2 - g - 7. Let u be c(v). Let p(x) = -x. Determine p(u).
3
Let k(m) = m**2 - 11*m - 88. Let t(f) = -f - 2. Let x(o) = -k(o) + 6*t(o). What is x(11)?
10
Let f(i) = -29*i**2 - 3*i - 4. Let u = 6388 - 6389. Give f(u).
-30
Let i(j) = -j**2 - 4*j + 1. Suppose -5*l + 871 = 5*d + 266, -5*l + 5*d = -555. Suppose l = -39*p + 10*p. Calculate i(p).
1
Let x(w) = 3*w**3 - 2*w**2 + 8. Suppose 192 = -465*r - 672 - 66. Give x(r).
-24
Let l(c) = 225*c + 45. Let v(g) = 196*g + 45. Let w(d) = -7*l(d) + 8*v(d). Calculate w(7).
-4
Let k = 163 + -146. Let c(l) = 2*l - 34. Let z be c(k). Let h(u) = u. What is h(z)?
0
Suppose -70*c + 22*c + 60 = -18*c. Let b(o) be the third derivative of -1/12*o**4 - 4/3*o**3 + 0*o + 0 - 19*o**c. Determine b(-7).
6
Let l(x) be the second derivative of -x**5/20 - x**4/3 + 5*x**3/2 + 2*x**2 - 30*x - 10. Calculate l(-6).
-14
Let q be (21/(6 - -1))/(2/6). Suppose -6*x + q = -15. Let l(f) = f + 0*f**3 - 2*f + 5 - f**3 + 4*f**2. Give l(x).
1
Suppose 0 = 5*t + v - 1, 5*t + 5*v + 6 = -9. Let w = -727 - -781. Let n(y) = 0*y - w + 53 + 5*y. Determine n(t).
4
Let l(h) = -h**3 + 11*h**2 + 12*h - 16. Let p be l(12). Let n be -6*4/p*6. Let r be ((-4)/6)/(2/n). Let y(f) = f + 4. Determine y(r).
1
Let g(c) = -2*c**2 - 2*c**2 - 39 - c**2 - 17 + 0*c**2 + 88*c. What is g(17)?
-5
Suppose 5*t + 59 + 1 = 0. Let c = -135 - -143. Let q(g) = 0 + 0*g + 2*g + 6*g - 9*g - c. Determine q(t).
4
Let x(s) = -6*s + 2. Let r(i) = i**3 - 10*i**2 + 16*i + 24. Let n be r(10). Let j = 186 - n. What is x(j)?
-10
Suppose -2*i - 5*g + 8 = 0, -6*i + g - 34 = -i. Let f be 1/(5/75) + -4. Let d(s) = -f*s - 5*s + 7 + 18*s. What is d(i)?
-5
Suppose -10*h + 31 - 11 = 0. Let v(c) = -15*c + 12*c + 4 + h*c. What is v(-7)?
11
Let x(d) be the first derivative of -4*d**3/3 + 17*d**2/2 + 13*d + 75. Let h(o) = o**2 - 4*o - 3. Let t(q) = 9*h(q) + 2*x(q). Determine t(-1).
2
Let c be ((-2)/(-3))/(1/9) + -1. Let s(h) = -c*h - h - h**2 - 4 + 4. Suppose 0 = x - 5*m - 21, 6*x = 4*x + 2*m + 2. Determine s(x).
8
Let k(b) = -9*b**2 - 492*b - 5 + 1507*b - 501*b - b**3 - 499*b. Give k(-11).
72
Let q be (2/7)/2 - (-102)/21. Suppose q*h = 5*f - 40, 3*f - 21 = -2*h + 23. Suppose -7*y + 10 = -f*y. Let k(u) = u**2 + 2*u. Calculate k(y).
0
Let q(z) = -12*z**3 + 28*z**2 - 71*z - 2. Let i(l) = -l**3 + 2*l**2 - 8*l + 1. Let m(j) = -11*i(j) + q(j). Determine m(8).
-5
Let x(y) = 2*y**3 - 47*y**2 - 18*y - 176. Let g be x(24). Let r(f) = 6*f + 198. Calculate r(g).
6
Suppose -26*p - 80 + 28 = 0. Let g(b) = -2*b**3 - 2*b**2 - 2*b - 7. Determine g(p).
5
Let t(l) = -l**3 + 5*l**2 + 3*l - 2. Let q(h) be the second derivative of 7*h**3/6 - 15*h**2 + 4*h. Let f be q(5). Give t(f).
13
Let b be ((-80)/55 + 2)/(30/220). Let h(a) = a**3 - 8*a**2 + 13*a - 3. Give h(b).
-15
Let l(b) = -6*b**3 + b**2 + b. Suppose 2*r - 134 + 142 = 0. Let g be 0*r/16 + 0 + -1. Determine l(g).
6
Let r(w) = w**3 - 2*w**2 - 4*w. Let k = 97 + -91. Suppose -k*g + 64 = 4. Let n be g/4*(-30)/50*-2. What is r(n)?
-3
Let n(s) = 2*s**3 - s**2 + s + 1. Let t(g) = -g**3 - 6*g**2 - 9*g - 1. Let z(o) = n(o) + t(o). Let d(p) = -p + 15. Let v be d(7). Give z(v).
0
Let l(q) = -q**2 + 8*q + 7. Let b(y) = 114*y - 54*y - 29 - 51*y. Let u be b(4). What is l(u)?
14
Let o(z) = -3*z - 7. Suppose 2*g + 0*g = 8. Let v(r) = -3*r - 7. Let c(a) = g*o(a) - 5*v(a). What is c(-6)?
-11
Suppose -4*c - 5*y + 3 = 0, 3*c = 3*y - 6 + 15. Let d(z) be the second derivative of z**4/12 + z**3/6 + z**2/2 - 4*z - 6. Give d(c).
7
Suppose -4*h - 23 = -3*r, 5*h - 10 = -5*r + 5. Let c(a) be the first derivative of 0*a**2 + a - 41 - 1/4*a**4 - 2/3*a**3. What is c(h)?
1
Let v(r) = -2*r + 43. Let d be v(19). Let l(a) = 9*a + 3. Let f(s) = 11*s + 4. Let c(z) = d*f(z) - 6*l(z). What is c(-6)?
-4
Let k(w) = 7*w + 2. Suppose 5*s - 146 + 139 = 3*b, -3 = b - 2*s. Give k(b).
9
Let x(v) be the second derivative of v**3 - 7*v**2/2 - 4*v + 15. Let c(q) = 4*q - 4. Let z(j) = 7*c(j) - 5*x(j). Give z(3).
1
Let h be (-23 + -28)*-1*1*1. Suppose 9*a - h + 33 = 0. Let t = a + -3. Let g(x) = -x**3 + x**2 - 1. Give g(t).
1
Let a(f) = f**3 - 4*f**2 - 4*f + 1. Let p be a(5). Let q(z) = p - 4*z + 0 - 4. Suppose u - 4*o = -17, 0 = -2*u - 2*o + 10 + 6. What is q(u)?
-10
Suppose -3*o + 0*o + 15 = 0. Suppose 14930 = 9*z - 15391. Let a(p) = -z + p**2 - 5*p + 3369. Calculate a(o).
0
Let a(x) = x + 2. Let j be ((-156)/9)/((-92)/207). Suppose j - 162 = -41*r. What is a(r)?
5
Let l(a) = a**2 + 6*a - 12. Let c be l(-8). Suppose 0*y - 15 = 3*y + 2*v, 4*v = c*y + 20. Let m be (-4)/(-20) + (-34)/y. Let t(n) = n + 3. What is t(m)?
10
Let r(a) be the second derivative of 9*a**5/20 - a**4/12 - a**3/3 - a**2/2 + 12*a. Suppose 0 = -2*i + 5*i - 7*i. Let d be (-1 - -1) + (i - 1). Calculate r(d).
-9
Let f(l) = -l**3 - 3*l**2 - 2*l - 4. Let j(x) = -x**3 - 2*x**2 - x - 3. Let w(s) = 2*f(s) - 3*j(s). Let y = -8561 - -8562. Calculate w(y).
1
Suppose 118 = 43*w + 16*w. Let k(x) be the second derivative of 0 + 1/12*x**4 - w*x + 3*x**2 - 2/3*x**3. Calculate k(5).
11
Let u(i) = -i**3 + 22*i**2 - 43*i + 62. Let m be u(20). Let d be (-4)/14 + 32